{"id":1583,"date":"2018-05-09T14:47:31","date_gmt":"2018-05-09T12:47:31","guid":{"rendered":"https:\/\/sailingpassion.lu\/?page_id=1583"},"modified":"2018-05-09T14:51:23","modified_gmt":"2018-05-09T12:51:23","slug":"annonces","status":"publish","type":"page","link":"https:\/\/sailingpassion.lu\/index.php\/fr\/annonces\/","title":{"rendered":"Annonces"},"content":{"rendered":"<p>Sailing Passion donne aux particuliers la possibilit\u00e9 de vendre leur \u00e9quipement neuf ou usag\u00e9.<\/p>\n<p>Les photos, textes et prix sont la seule responsabilit\u00e9 du vendeur; toutes les n\u00e9gociations seront faites entre le vendeur et l&#8217;acheteur potentiel.<\/p>\n<p>Sailing Passion d\u00e9cline toute responsabilit\u00e9 quant \u00e0 la nature et au prix des biens mis en vente.<\/p>\n<p><a href=\"https:\/\/sailingpassion.lu\/annonces\/ajouter\/\">Cliquez ici pour vendre un \u00e9quipement<\/a><\/p>\n<p>[adverts_list]<\/p>\n","protected":false},"excerpt":{"rendered":"<p>Sailing Passion donne aux particuliers la possibilit\u00e9 de vendre leur \u00e9quipement neuf ou usag\u00e9. Les photos, textes et prix sont la seule responsabilit\u00e9 du vendeur;<\/p>\n","protected":false},"author":1,"featured_media":0,"parent":0,"menu_order":0,"comment_status":"closed","ping_status":"closed","template":"","meta":{"footnotes":""},"class_list":["post-1583","page","type-page","status-publish","hentry"],"yoast_head":"<!-- This site is optimized with the Yoast SEO plugin v27.4 - https:\/\/yoast.com\/product\/yoast-seo-wordpress\/ -->\n<title>Annonces - Sailing Passion<\/title>\n<meta name=\"robots\" content=\"index, follow, max-snippet:-1, max-image-preview:large, max-video-preview:-1\" \/>\n<link rel=\"canonical\" href=\"https:\/\/sailingpassion.lu\/index.php\/fr\/annonces\/\" \/>\n<meta property=\"og:locale\" content=\"en_US\" \/>\n<meta property=\"og:type\" content=\"article\" \/>\n<meta property=\"og:title\" content=\"Annonces - Sailing Passion\" \/>\n<meta property=\"og:description\" content=\"Sailing Passion donne aux particuliers la possibilit\u00e9 de vendre leur \u00e9quipement neuf ou usag\u00e9. Les photos, textes et prix sont la seule responsabilit\u00e9 du vendeur;\" \/>\n<meta property=\"og:url\" content=\"https:\/\/sailingpassion.lu\/index.php\/fr\/annonces\/\" \/>\n<meta property=\"og:site_name\" content=\"Sailing Passion\" \/>\n<meta property=\"article:modified_time\" content=\"2018-05-09T12:51:23+00:00\" \/>\n<meta property=\"og:image\" content=\"https:\/\/sailingpassion.lu\/wp-content\/uploads\/2017\/10\/Kornati-cliffs4000x1066.jpg\" \/>\n\t<meta property=\"og:image:width\" content=\"4000\" \/>\n\t<meta property=\"og:image:height\" content=\"1066\" \/>\n\t<meta property=\"og:image:type\" content=\"image\/jpeg\" \/>\n<meta name=\"twitter:card\" content=\"summary_large_image\" \/>\n<script type=\"application\/ld+json\" class=\"yoast-schema-graph\">{\"@context\":\"https:\\\/\\\/schema.org\",\"@graph\":[{\"@type\":\"WebPage\",\"@id\":\"https:\\\/\\\/sailingpassion.lu\\\/index.php\\\/fr\\\/annonces\\\/\",\"url\":\"https:\\\/\\\/sailingpassion.lu\\\/index.php\\\/fr\\\/annonces\\\/\",\"name\":\"Annonces - Sailing Passion\",\"isPartOf\":{\"@id\":\"https:\\\/\\\/sailingpassion.lu\\\/#website\"},\"datePublished\":\"2018-05-09T12:47:31+00:00\",\"dateModified\":\"2018-05-09T12:51:23+00:00\",\"breadcrumb\":{\"@id\":\"https:\\\/\\\/sailingpassion.lu\\\/index.php\\\/fr\\\/annonces\\\/#breadcrumb\"},\"inLanguage\":\"en-US\",\"potentialAction\":[{\"@type\":\"ReadAction\",\"target\":[\"https:\\\/\\\/sailingpassion.lu\\\/index.php\\\/fr\\\/annonces\\\/\"]}]},{\"@type\":\"BreadcrumbList\",\"@id\":\"https:\\\/\\\/sailingpassion.lu\\\/index.php\\\/fr\\\/annonces\\\/#breadcrumb\",\"itemListElement\":[{\"@type\":\"ListItem\",\"position\":1,\"name\":\"Home\",\"item\":\"https:\\\/\\\/sailingpassion.lu\\\/\"},{\"@type\":\"ListItem\",\"position\":2,\"name\":\"Annonces\"}]},{\"@type\":\"WebSite\",\"@id\":\"https:\\\/\\\/sailingpassion.lu\\\/#website\",\"url\":\"https:\\\/\\\/sailingpassion.lu\\\/\",\"name\":\"Sailing Passion\",\"description\":\"Sail with us\",\"publisher\":{\"@id\":\"https:\\\/\\\/sailingpassion.lu\\\/#organization\"},\"potentialAction\":[{\"@type\":\"SearchAction\",\"target\":{\"@type\":\"EntryPoint\",\"urlTemplate\":\"https:\\\/\\\/sailingpassion.lu\\\/?s={search_term_string}\"},\"query-input\":{\"@type\":\"PropertyValueSpecification\",\"valueRequired\":true,\"valueName\":\"search_term_string\"}}],\"inLanguage\":\"en-US\"},{\"@type\":\"Organization\",\"@id\":\"https:\\\/\\\/sailingpassion.lu\\\/#organization\",\"name\":\"Sailing Passion\",\"url\":\"https:\\\/\\\/sailingpassion.lu\\\/\",\"logo\":{\"@type\":\"ImageObject\",\"inLanguage\":\"en-US\",\"@id\":\"https:\\\/\\\/sailingpassion.lu\\\/#\\\/schema\\\/logo\\\/image\\\/\",\"url\":\"https:\\\/\\\/sailingpassion.lu\\\/wp-content\\\/uploads\\\/2018\\\/05\\\/LogoFLV4.png\",\"contentUrl\":\"https:\\\/\\\/sailingpassion.lu\\\/wp-content\\\/uploads\\\/2018\\\/05\\\/LogoFLV4.png\",\"width\":230,\"height\":104,\"caption\":\"Sailing Passion\"},\"image\":{\"@id\":\"https:\\\/\\\/sailingpassion.lu\\\/#\\\/schema\\\/logo\\\/image\\\/\"}}]}<\/script>\n<!-- \/ Yoast SEO plugin. -->","yoast_head_json":{"title":"Annonces - Sailing Passion","robots":{"index":"index","follow":"follow","max-snippet":"max-snippet:-1","max-image-preview":"max-image-preview:large","max-video-preview":"max-video-preview:-1"},"canonical":"https:\/\/sailingpassion.lu\/index.php\/fr\/annonces\/","og_locale":"en_US","og_type":"article","og_title":"Annonces - Sailing Passion","og_description":"Sailing Passion donne aux particuliers la possibilit\u00e9 de vendre leur \u00e9quipement neuf ou usag\u00e9. Les photos, textes et prix sont la seule responsabilit\u00e9 du vendeur;","og_url":"https:\/\/sailingpassion.lu\/index.php\/fr\/annonces\/","og_site_name":"Sailing Passion","article_modified_time":"2018-05-09T12:51:23+00:00","og_image":[{"width":4000,"height":1066,"url":"https:\/\/sailingpassion.lu\/wp-content\/uploads\/2017\/10\/Kornati-cliffs4000x1066.jpg","type":"image\/jpeg"}],"twitter_card":"summary_large_image","schema":{"@context":"https:\/\/schema.org","@graph":[{"@type":"WebPage","@id":"https:\/\/sailingpassion.lu\/index.php\/fr\/annonces\/","url":"https:\/\/sailingpassion.lu\/index.php\/fr\/annonces\/","name":"Annonces - Sailing Passion","isPartOf":{"@id":"https:\/\/sailingpassion.lu\/#website"},"datePublished":"2018-05-09T12:47:31+00:00","dateModified":"2018-05-09T12:51:23+00:00","breadcrumb":{"@id":"https:\/\/sailingpassion.lu\/index.php\/fr\/annonces\/#breadcrumb"},"inLanguage":"en-US","potentialAction":[{"@type":"ReadAction","target":["https:\/\/sailingpassion.lu\/index.php\/fr\/annonces\/"]}]},{"@type":"BreadcrumbList","@id":"https:\/\/sailingpassion.lu\/index.php\/fr\/annonces\/#breadcrumb","itemListElement":[{"@type":"ListItem","position":1,"name":"Home","item":"https:\/\/sailingpassion.lu\/"},{"@type":"ListItem","position":2,"name":"Annonces"}]},{"@type":"WebSite","@id":"https:\/\/sailingpassion.lu\/#website","url":"https:\/\/sailingpassion.lu\/","name":"Sailing Passion","description":"Sail with us","publisher":{"@id":"https:\/\/sailingpassion.lu\/#organization"},"potentialAction":[{"@type":"SearchAction","target":{"@type":"EntryPoint","urlTemplate":"https:\/\/sailingpassion.lu\/?s={search_term_string}"},"query-input":{"@type":"PropertyValueSpecification","valueRequired":true,"valueName":"search_term_string"}}],"inLanguage":"en-US"},{"@type":"Organization","@id":"https:\/\/sailingpassion.lu\/#organization","name":"Sailing Passion","url":"https:\/\/sailingpassion.lu\/","logo":{"@type":"ImageObject","inLanguage":"en-US","@id":"https:\/\/sailingpassion.lu\/#\/schema\/logo\/image\/","url":"https:\/\/sailingpassion.lu\/wp-content\/uploads\/2018\/05\/LogoFLV4.png","contentUrl":"https:\/\/sailingpassion.lu\/wp-content\/uploads\/2018\/05\/LogoFLV4.png","width":230,"height":104,"caption":"Sailing Passion"},"image":{"@id":"https:\/\/sailingpassion.lu\/#\/schema\/logo\/image\/"}}]}},"_links":{"self":[{"href":"https:\/\/sailingpassion.lu\/index.php\/wp-json\/wp\/v2\/pages\/1583","targetHints":{"allow":["GET"]}}],"collection":[{"href":"https:\/\/sailingpassion.lu\/index.php\/wp-json\/wp\/v2\/pages"}],"about":[{"href":"https:\/\/sailingpassion.lu\/index.php\/wp-json\/wp\/v2\/types\/page"}],"author":[{"embeddable":true,"href":"https:\/\/sailingpassion.lu\/index.php\/wp-json\/wp\/v2\/users\/1"}],"replies":[{"embeddable":true,"href":"https:\/\/sailingpassion.lu\/index.php\/wp-json\/wp\/v2\/comments?post=1583"}],"version-history":[{"count":3,"href":"https:\/\/sailingpassion.lu\/index.php\/wp-json\/wp\/v2\/pages\/1583\/revisions"}],"predecessor-version":[{"id":1590,"href":"https:\/\/sailingpassion.lu\/index.php\/wp-json\/wp\/v2\/pages\/1583\/revisions\/1590"}],"wp:attachment":[{"href":"https:\/\/sailingpassion.lu\/index.php\/wp-json\/wp\/v2\/media?parent=1583"}],"curies":[{"name":"wp","href":"https:\/\/api.w.org\/{rel}","templated":true}]}}